{"id":59,"date":"2016-08-21T12:00:02","date_gmt":"2016-08-21T10:00:02","guid":{"rendered":"http:\/\/www.cheminpetit.de\/wordpress\/?page_id=59"},"modified":"2016-08-21T12:00:02","modified_gmt":"2016-08-21T10:00:02","slug":"ehrungen","status":"publish","type":"page","link":"https:\/\/cheminpetit.de\/wordpress\/leben-und-wirken\/ehrungen\/","title":{"rendered":"Ehrungen"},"content":{"rendered":"<p><strong>1964 <\/strong><br \/>\nVerleihung des <em>Berliner Kunstpreises<\/em><br \/>\nDer Kunstpreis Berlin wurde 1948 vom Land Berlin im Gedenken an die M\u00e4rz-Gefallenen des Jahres 1848 gestiftet und wird stets am 18. M\u00e4rz vergeben<\/p>\n<p><strong>1967 <\/strong><br \/>\nRompreis; <em>Ehrengast der Deutschen Akademie Villa Massimo<\/em><br \/>\n&#8222;Im Namen der Deutschen Akademie Rom gedenken wir Ihrer zum 65. Geburtstag in herzlicher Verbundenheit &#8211; Elisabeth Wolken&#8220;<\/p>\n<p><strong>1967<\/strong><br \/>\n<em>Ehrenmitglied des Philharmonischen Chores Berlin<\/em><br \/>\n&#8222;Lieber Professor Hans Chemin-Petit,<br \/>\nwir gr\u00fc\u00dfen Sie, unseren hochverehrten Leiter und Dirigenten, zu Ihrem 65. Geburtstag und gedenken Ihrer am heutigen Tage mit unseren besten W\u00fcnschen, mit Dank und Bewunderung. Als sch\u00f6pferische Pers\u00f6nlichkeit, in der Einheit Komponist &#8211; Dirigent, geben Sie Ihrer k\u00fcnstlerischen T\u00e4tigkeit und dem Philharmonischen Chor das besondere Gepr\u00e4ge. Wir erleben, wie Sie den Chor von Jahr zu Jahr zu einer wie selbstverst\u00e4ndlich erscheinenden Leistungsh\u00f6he f\u00fchren. Aus dieser unsch\u00e4tzbaren Kontinuit\u00e4t planvoller Arbeit erstehen die Werke und erweist der Chor in Ihrer Hand seine Wandlungsf\u00e4higkeit. Unter diesem Zeichen gl\u00fccklicher gemeinsamer Arbeit stehen unsere W\u00fcnsche f\u00fcr Sie und das erfolgreiche Gelingen unserer gemeinsamen Vorhaben. Im Namen des Philharmonischen Chores Berlin &#8211; Der Vorstand&#8220;<\/p>\n<p><strong>1968<\/strong><br \/>\nVerleihung des <em>Bundesverdienstkreuzes<\/em><br \/>\n&#8220; [&#8230;] In zahlreichen Konzerten hat er seine au\u00dferordentlichen F\u00e4higkeiten auch in den Dienst des Berliner Philharmonischen Orchesters gestellt. Die von ihm geleiteten Chorkonzerte sind nun ein Teil der Musikgeschichte dieser Stadt. [&#8230;] &#8220; (10)<\/p>\n<p><strong>1977<\/strong><br \/>\nVerleihung der <em>Goldenen Nadel der Dramatiker-Union<\/em><br \/>\n&#8220; [&#8230;] Die Goldene Nadel der Dramatiker-Union (gestiftet von Alfred H. Unger) wird ab 1977 an Schriftsteller und Komponisten des wort- bzw. musikdramatischen Bereiches vergeben, die sich durch ihre k\u00fcnstlerische Leistung oder ihren aktiven Einsatz f\u00fcr die Interessen der Berufskollegen besonders verdient gemacht haben. [&#8230;] &#8220; Pressenotiz Juni 1977<\/p>\n<p><strong>1977<\/strong><br \/>\nVerleihung der <em>Ernst-Reuter-Plakette der Stadt Berlin<\/em><br \/>\n&#8220; [&#8230;] dieses t\u00e4tige b\u00fcrgerliche Verantwortungsbewu\u00dftsein, diese Bew\u00e4hrung an kulturpolitischen Aufgaben macht Hans Chemin-Petit dieser hohen Auszeichnung besonders w\u00fcrdig, die dem Andenken eines gro\u00dfen Politikers gewidmet ist, dem die Mitverantwortungen des B\u00fcrgers f\u00fcr sein Gemeinwesen besonders am Herzen lag. [&#8230;] Dem Philharmonischen Chor seine Tradition und damit sein eigenes Profil in 30-j\u00e4hriger Arbeit erhalten zu haben, ist [&#8230;] vielleicht Ihr gr\u00f6\u00dfter Verdienst. [&#8230;] &#8220; (11)<\/p>\n<p><strong>1978 <\/strong><br \/>\nVerleihung der <em>Goldenen Ehrennadel des<br \/>\nVolksbundes Deutsche Kriegsgr\u00e4berf\u00fcrsorge<\/em><br \/>\n&#8220; In Anerkennung besonderer Verdienste um das Werk der Kriegsgr\u00e4berf\u00fcrsorge, das der Verst\u00e4ndigung und der Erhaltung des Friedens dient. &#8222;<\/p>\n","protected":false},"excerpt":{"rendered":"<p>1964 Verleihung des Berliner Kunstpreises Der Kunstpreis Berlin wurde 1948 vom Land Berlin im Gedenken an die M\u00e4rz-Gefallenen des Jahres 1848 gestiftet und wird stets am 18. M\u00e4rz vergeben 1967 Rompreis; Ehrengast der Deutschen Akademie Villa Massimo &#8222;Im Namen der Deutschen Akademie Rom gedenken wir Ihrer zum 65. Geburtstag in herzlicher Verbundenheit &#8211; Elisabeth Wolken&#8220; [&hellip;]<\/p>\n","protected":false},"author":2,"featured_media":0,"parent":45,"menu_order":0,"comment_status":"closed","ping_status":"closed","template":"templates\/page-ribbon.php","meta":{"ngg_post_thumbnail":0},"_links":{"self":[{"href":"https:\/\/cheminpetit.de\/wordpress\/wp-json\/wp\/v2\/pages\/59"}],"collection":[{"href":"https:\/\/cheminpetit.de\/wordpress\/wp-json\/wp\/v2\/pages"}],"about":[{"href":"https:\/\/cheminpetit.de\/wordpress\/wp-json\/wp\/v2\/types\/page"}],"author":[{"embeddable":true,"href":"https:\/\/cheminpetit.de\/wordpress\/wp-json\/wp\/v2\/users\/2"}],"replies":[{"embeddable":true,"href":"https:\/\/cheminpetit.de\/wordpress\/wp-json\/wp\/v2\/comments?post=59"}],"version-history":[{"count":0,"href":"https:\/\/cheminpetit.de\/wordpress\/wp-json\/wp\/v2\/pages\/59\/revisions"}],"up":[{"embeddable":true,"href":"https:\/\/cheminpetit.de\/wordpress\/wp-json\/wp\/v2\/pages\/45"}],"wp:attachment":[{"href":"https:\/\/cheminpetit.de\/wordpress\/wp-json\/wp\/v2\/media?parent=59"}],"curies":[{"name":"wp","href":"https:\/\/api.w.org\/{rel}","templated":true}]}}