{"id":553,"date":"2016-08-23T13:44:33","date_gmt":"2016-08-23T11:44:33","guid":{"rendered":"http:\/\/www.cheminpetit.de\/wordpress\/?page_id=553"},"modified":"2017-01-03T14:45:48","modified_gmt":"2017-01-03T14:45:48","slug":"ehrenaemter","status":"publish","type":"page","link":"https:\/\/cheminpetit.de\/wordpress\/fotogalerie\/ehrenaemter\/","title":{"rendered":"Ehren\u00e4mter"},"content":{"rendered":"<p>&nbsp;<\/p>\n<!-- index.php -->\n<div\n\tclass=\"ngg-galleryoverview ngg-ajax-pagination-none\"\n\tid=\"ngg-gallery-e430b5604a52589fd7322ae26d6c7632-1\">\n\n    \t\t<!-- Thumbnails -->\n\t\t\t\t<div id=\"ngg-image-0\" class=\"ngg-gallery-thumbnail-box\" >\n\t\t\t\t        <div class=\"ngg-gallery-thumbnail\">\n            <a href=\"https:\/\/cheminpetit.de\/wordpress\/wp-content\/gallery\/ehrenaemter\/ea_01-2.jpg\"\n               title=\"Der Pr\u00e4sident Werner D\u00fcttmann und der Senat der Akademie der K\u00fcnste gratulieren zum 70. Geburtstag von Hans Chemin-Petit am 24. Juli 1972\"\n               data-src=\"https:\/\/cheminpetit.de\/wordpress\/wp-content\/gallery\/ehrenaemter\/ea_01-2.jpg\"\n               data-thumbnail=\"https:\/\/cheminpetit.de\/wordpress\/wp-content\/gallery\/ehrenaemter\/thumbs\/thumbs_ea_01-2.jpg\"\n               data-image-id=\"39\"\n               data-title=\"zum 70. Geburtstag am 24. Juli 1972\"\n               data-description=\"Der Pr\u00e4sident Werner D\u00fcttmann und der Senat der Akademie der K\u00fcnste gratulieren zum 70. Geburtstag von Hans Chemin-Petit am 24. Juli 1972\"\n               data-image-slug=\"ea_01-2\"\n               class=\"ngg-fancybox\" rel=\"e430b5604a52589fd7322ae26d6c7632\">\n                <img\n                    title=\"zum 70. Geburtstag am 24. Juli 1972\"\n                    alt=\"zum 70. Geburtstag am 24. Juli 1972\"\n                    src=\"https:\/\/cheminpetit.de\/wordpress\/wp-content\/gallery\/ehrenaemter\/thumbs\/thumbs_ea_01-2.jpg\"\n                    width=\"210\"\n                    height=\"210\"\n                    style=\"max-width:100%;\"\n                \/>\n            <\/a>\n        <\/div>\n\t\t\t\t\t\t\t<\/div> \n\t\t\t\n        \n\t\t\t\t<div id=\"ngg-image-1\" class=\"ngg-gallery-thumbnail-box\" >\n\t\t\t\t        <div class=\"ngg-gallery-thumbnail\">\n            <a href=\"https:\/\/cheminpetit.de\/wordpress\/wp-content\/gallery\/ehrenaemter\/ea_01_1-1.jpg\"\n               title=\"Gl\u00fcckwunsch-Telegramm der Abteilung Musik der Akademie der K\u00fcnste zum 70. Geburtstag von Hans Chemin-Petit am 24. Juli 1972\"\n               data-src=\"https:\/\/cheminpetit.de\/wordpress\/wp-content\/gallery\/ehrenaemter\/ea_01_1-1.jpg\"\n               data-thumbnail=\"https:\/\/cheminpetit.de\/wordpress\/wp-content\/gallery\/ehrenaemter\/thumbs\/thumbs_ea_01_1-1.jpg\"\n               data-image-id=\"40\"\n               data-title=\"zum 70. Geburtstag am 24. Juli 1972\"\n               data-description=\"Gl\u00fcckwunsch-Telegramm der Abteilung Musik der Akademie der K\u00fcnste zum 70. Geburtstag von Hans Chemin-Petit am 24. Juli 1972\"\n               data-image-slug=\"ea_01_1\"\n               class=\"ngg-fancybox\" rel=\"e430b5604a52589fd7322ae26d6c7632\">\n                <img\n                    title=\"zum 70. Geburtstag am 24. Juli 1972\"\n                    alt=\"zum 70. Geburtstag am 24. Juli 1972\"\n                    src=\"https:\/\/cheminpetit.de\/wordpress\/wp-content\/gallery\/ehrenaemter\/thumbs\/thumbs_ea_01_1-1.jpg\"\n                    width=\"210\"\n                    height=\"210\"\n                    style=\"max-width:100%;\"\n                \/>\n            <\/a>\n        <\/div>\n\t\t\t\t\t\t\t<\/div> \n\t\t\t\n        \n\t\t\t\t<div id=\"ngg-image-2\" class=\"ngg-gallery-thumbnail-box\" >\n\t\t\t\t        <div class=\"ngg-gallery-thumbnail\">\n            <a href=\"https:\/\/cheminpetit.de\/wordpress\/wp-content\/gallery\/ehrenaemter\/ea_02-1.jpg\"\n               title=\"Professor Werner D\u00fcttmann, Pr\u00e4sident der Akademie der K\u00fcnste, Wolfgang Wagner und Hans Chemin-Petit, Direktor der Abteilung Musik der Akademie. Wolfgang Wagner war einer Einladung von Hans Chemin-Petit gefolgt, einen Vortrag zu halten.&lt;br&gt; 1974&lt;br&gt; Foto: Ilse Buhs, Berlin\"\n               data-src=\"https:\/\/cheminpetit.de\/wordpress\/wp-content\/gallery\/ehrenaemter\/ea_02-1.jpg\"\n               data-thumbnail=\"https:\/\/cheminpetit.de\/wordpress\/wp-content\/gallery\/ehrenaemter\/thumbs\/thumbs_ea_02-1.jpg\"\n               data-image-id=\"41\"\n               data-title=\"1974\"\n               data-description=\"Professor Werner D\u00fcttmann, Pr\u00e4sident der Akademie der K\u00fcnste, Wolfgang Wagner und Hans Chemin-Petit, Direktor der Abteilung Musik der Akademie. Wolfgang Wagner war einer Einladung von Hans Chemin-Petit gefolgt, einen Vortrag zu halten.&lt;br&gt; 1974&lt;br&gt; Foto: Ilse Buhs, Berlin\"\n               data-image-slug=\"ea_02\"\n               class=\"ngg-fancybox\" rel=\"e430b5604a52589fd7322ae26d6c7632\">\n                <img\n                    title=\"1974\"\n                    alt=\"1974\"\n                    src=\"https:\/\/cheminpetit.de\/wordpress\/wp-content\/gallery\/ehrenaemter\/thumbs\/thumbs_ea_02-1.jpg\"\n                    width=\"210\"\n                    height=\"210\"\n                    style=\"max-width:100%;\"\n                \/>\n            <\/a>\n        <\/div>\n\t\t\t\t\t\t\t<\/div> \n\t\t\t\n        \n\t\t\t\t<div id=\"ngg-image-3\" class=\"ngg-gallery-thumbnail-box\" >\n\t\t\t\t        <div class=\"ngg-gallery-thumbnail\">\n            <a href=\"https:\/\/cheminpetit.de\/wordpress\/wp-content\/gallery\/ehrenaemter\/ea_03-1.jpg\"\n               title=\"Gottfried von Einem und Hans Chemin-Petit im Gespr\u00e4ch in der Akademie der K\u00fcnste Berlin&lt;br&gt; 1976&lt;br&gt; Foto: Karin Gaa, Berlin\"\n               data-src=\"https:\/\/cheminpetit.de\/wordpress\/wp-content\/gallery\/ehrenaemter\/ea_03-1.jpg\"\n               data-thumbnail=\"https:\/\/cheminpetit.de\/wordpress\/wp-content\/gallery\/ehrenaemter\/thumbs\/thumbs_ea_03-1.jpg\"\n               data-image-id=\"42\"\n               data-title=\"Gottfried von Einem und Hans Chemin-Petit 1976\"\n               data-description=\"Gottfried von Einem und Hans Chemin-Petit im Gespr\u00e4ch in der Akademie der K\u00fcnste Berlin&lt;br&gt; 1976&lt;br&gt; Foto: Karin Gaa, Berlin\"\n               data-image-slug=\"ea_03\"\n               class=\"ngg-fancybox\" rel=\"e430b5604a52589fd7322ae26d6c7632\">\n                <img\n                    title=\"Gottfried von Einem und Hans Chemin-Petit 1976\"\n                    alt=\"Gottfried von Einem und Hans Chemin-Petit 1976\"\n                    src=\"https:\/\/cheminpetit.de\/wordpress\/wp-content\/gallery\/ehrenaemter\/thumbs\/thumbs_ea_03-1.jpg\"\n                    width=\"210\"\n                    height=\"210\"\n                    style=\"max-width:100%;\"\n                \/>\n            <\/a>\n        <\/div>\n\t\t\t\t\t\t\t<\/div> \n\t\t\t\n        \n\t\t\t\t<div id=\"ngg-image-4\" class=\"ngg-gallery-thumbnail-box\" >\n\t\t\t\t        <div class=\"ngg-gallery-thumbnail\">\n            <a href=\"https:\/\/cheminpetit.de\/wordpress\/wp-content\/gallery\/ehrenaemter\/ea_4-1.jpg\"\n               title=\"Gl\u00fcckwunsch zum 75. Geburtstag von Hans Chemin-Petit vom Pr\u00e4sidenten des Deutschen Komponistenverbandes Raimund Rosenberger&lt;br&gt; 24. Juli 1977\"\n               data-src=\"https:\/\/cheminpetit.de\/wordpress\/wp-content\/gallery\/ehrenaemter\/ea_4-1.jpg\"\n               data-thumbnail=\"https:\/\/cheminpetit.de\/wordpress\/wp-content\/gallery\/ehrenaemter\/thumbs\/thumbs_ea_4-1.jpg\"\n               data-image-id=\"43\"\n               data-title=\"24. Juli 1977\"\n               data-description=\"Gl\u00fcckwunsch zum 75. Geburtstag von Hans Chemin-Petit vom Pr\u00e4sidenten des Deutschen Komponistenverbandes Raimund Rosenberger&lt;br&gt; 24. Juli 1977\"\n               data-image-slug=\"ea_4\"\n               class=\"ngg-fancybox\" rel=\"e430b5604a52589fd7322ae26d6c7632\">\n                <img\n                    title=\"24. Juli 1977\"\n                    alt=\"24. Juli 1977\"\n                    src=\"https:\/\/cheminpetit.de\/wordpress\/wp-content\/gallery\/ehrenaemter\/thumbs\/thumbs_ea_4-1.jpg\"\n                    width=\"210\"\n                    height=\"210\"\n                    style=\"max-width:100%;\"\n                \/>\n            <\/a>\n        <\/div>\n\t\t\t\t\t\t\t<\/div> \n\t\t\t\n        \n\t\t\t\t<div id=\"ngg-image-5\" class=\"ngg-gallery-thumbnail-box\" >\n\t\t\t\t        <div class=\"ngg-gallery-thumbnail\">\n            <a href=\"https:\/\/cheminpetit.de\/wordpress\/wp-content\/gallery\/ehrenaemter\/ea_5-1.jpg\"\n               title=\"Die Ausgabe 3, 1977 der Mitteilungen der Dramatiker-Union war Hans Chemin-Petit zu seinem 75. Geburtstag gewidmet. &lt;br&gt;Beitr\u00e4ge auf den Seiten 12 bis 18&lt;br&gt; Titelbild: Zeichnung von Dorothy Klages\"\n               data-src=\"https:\/\/cheminpetit.de\/wordpress\/wp-content\/gallery\/ehrenaemter\/ea_5-1.jpg\"\n               data-thumbnail=\"https:\/\/cheminpetit.de\/wordpress\/wp-content\/gallery\/ehrenaemter\/thumbs\/thumbs_ea_5-1.jpg\"\n               data-image-id=\"44\"\n               data-title=\"Mitteilungen der Dramatiker-Union\"\n               data-description=\"Die Ausgabe 3, 1977 der Mitteilungen der Dramatiker-Union war Hans Chemin-Petit zu seinem 75. Geburtstag gewidmet. &lt;br&gt;Beitr\u00e4ge auf den Seiten 12 bis 18&lt;br&gt; Titelbild: Zeichnung von Dorothy Klages\"\n               data-image-slug=\"ea_5\"\n               class=\"ngg-fancybox\" rel=\"e430b5604a52589fd7322ae26d6c7632\">\n                <img\n                    title=\"Mitteilungen der Dramatiker-Union\"\n                    alt=\"Mitteilungen der Dramatiker-Union\"\n                    src=\"https:\/\/cheminpetit.de\/wordpress\/wp-content\/gallery\/ehrenaemter\/thumbs\/thumbs_ea_5-1.jpg\"\n                    width=\"210\"\n                    height=\"210\"\n                    style=\"max-width:100%;\"\n                \/>\n            <\/a>\n        <\/div>\n\t\t\t\t\t\t\t<\/div> \n\t\t\t\n        \n\t\t\n\t\t<!-- Pagination -->\n\t<div class='ngg-clear'><\/div>\t<\/div>\n\n","protected":false},"excerpt":{"rendered":"<p>&nbsp;<\/p>\n","protected":false},"author":2,"featured_media":0,"parent":63,"menu_order":0,"comment_status":"closed","ping_status":"closed","template":"templates\/page-ribbon.php","meta":{"ngg_post_thumbnail":0},"_links":{"self":[{"href":"https:\/\/cheminpetit.de\/wordpress\/wp-json\/wp\/v2\/pages\/553"}],"collection":[{"href":"https:\/\/cheminpetit.de\/wordpress\/wp-json\/wp\/v2\/pages"}],"about":[{"href":"https:\/\/cheminpetit.de\/wordpress\/wp-json\/wp\/v2\/types\/page"}],"author":[{"embeddable":true,"href":"https:\/\/cheminpetit.de\/wordpress\/wp-json\/wp\/v2\/users\/2"}],"replies":[{"embeddable":true,"href":"https:\/\/cheminpetit.de\/wordpress\/wp-json\/wp\/v2\/comments?post=553"}],"version-history":[{"count":1,"href":"https:\/\/cheminpetit.de\/wordpress\/wp-json\/wp\/v2\/pages\/553\/revisions"}],"predecessor-version":[{"id":1114,"href":"https:\/\/cheminpetit.de\/wordpress\/wp-json\/wp\/v2\/pages\/553\/revisions\/1114"}],"up":[{"embeddable":true,"href":"https:\/\/cheminpetit.de\/wordpress\/wp-json\/wp\/v2\/pages\/63"}],"wp:attachment":[{"href":"https:\/\/cheminpetit.de\/wordpress\/wp-json\/wp\/v2\/media?parent=553"}],"curies":[{"name":"wp","href":"https:\/\/api.w.org\/{rel}","templated":true}]}}