{"id":21,"date":"2016-08-21T11:45:08","date_gmt":"2016-08-21T09:45:08","guid":{"rendered":"http:\/\/www.cheminpetit.de\/wordpress\/?page_id=21"},"modified":"2016-08-21T11:45:08","modified_gmt":"2016-08-21T09:45:08","slug":"kammermusik","status":"publish","type":"page","link":"https:\/\/cheminpetit.de\/wordpress\/werkverzeichnis\/kammermusik\/","title":{"rendered":"Kammermusik"},"content":{"rendered":"<figure id=\"attachment_277\" aria-describedby=\"caption-attachment-277\" style=\"width: 300px\" class=\"wp-caption alignright\"><img decoding=\"async\" loading=\"lazy\" class=\"wp-image-277 size-medium\" src=\"http:\/\/cheminpetit.de\/wordpress\/wp-content\/uploads\/2016\/08\/k_1_2-300x241.jpg\" alt=\"Das Bentz-Quartett, 1926: Hilde Schirmer, Elisabeth Enthoven, Beatrice Bentz; stehend: Lena von Hippel, sp\u00e4ter Frau von Hans Chemin-Petit \" width=\"300\" height=\"241\" srcset=\"https:\/\/cheminpetit.de\/wordpress\/wp-content\/uploads\/2016\/08\/k_1_2-300x241.jpg 300w, https:\/\/cheminpetit.de\/wordpress\/wp-content\/uploads\/2016\/08\/k_1_2.jpg 747w\" sizes=\"(max-width: 300px) 100vw, 300px\" \/><figcaption id=\"caption-attachment-277\" class=\"wp-caption-text\">Das Bentz-Quartett, 1926: Hilde Schirmer, Elisabeth Enthoven, Beatrice Bentz; stehend: Lena von Hippel, sp\u00e4ter Frau von Hans Chemin-Petit<\/figcaption><\/figure>\n<p><strong>1922<br \/>\nWidmungen<br \/>\nStreichquartett <\/strong><br \/>\nSpieldauer: 8 Minuten<br \/>\nMs-Stimmen, Partitur nicht mehr vorhanden<br \/>\nMaterial Akademie der K\u00fcnste Berlin<br \/>\nUA: 1923 Berlin (n\u00e4here Angaben nicht bekannt)<\/p>\n<p><strong>1925<br \/>\nStreichquartett e-Moll <\/strong><br \/>\nSpieldauer: 20 Minuten<br \/>\nVerlag: Merseburger, Kassel 2015<br \/>\n*Partitur, *Stimmen<br \/>\nUA: 6. November 1925 G\u00f6ttingen, Studentenheim \u2028Wilhelmplatz; Bentz-Quartett: Beatrice Bentz, \u2028Hilde Schirmer, Elisabeth Enthoven, Lena von Hippel<\/p>\n<p><strong>1926<br \/>\nStreichquartett g-Moll <\/strong><br \/>\nSpieldauer: 20 Minuten<br \/>\nKopisten-Stimmen-Fotokopie, Partitur nicht mehr vorhanden<br \/>\nMaterial Akademie der K\u00fcnste Berlin<br \/>\nUA: Daten nicht bekannt<\/p>\n<p><strong>1938<br \/>\nKleine Suite<br \/>\nf\u00fcr 9 Soloinstrumente<br \/>\nnach der Musik zum Puppenspiel &#8218;Dr. Johannes Faust&#8216;, 1938 <\/strong><br \/>\nSpieldauer: 20 Minuten<br \/>\nVerlag: R. Lienau, Berlin 1940<br \/>\n*Partitur, *Stimmen<br \/>\n<em>Besetzung: Ob., Kl., Fg., 2 Vl., Vla., Vcl., Ktb., Schl.<\/em><br \/>\nUA: 10. Mai 1942 im Rahmen der Wittener Musiktage, &#8222;Zeitgen\u00f6ssische Deutsche Kammermusik&#8220;, Rathaussaal; Ausf\u00fchrende nicht einzeln genannt<\/p>\n<figure id=\"attachment_594\" aria-describedby=\"caption-attachment-594\" style=\"width: 208px\" class=\"wp-caption alignright\"><img decoding=\"async\" loading=\"lazy\" class=\"wp-image-594 size-medium\" src=\"http:\/\/cheminpetit.de\/wordpress\/wp-content\/uploads\/2016\/08\/k_01_11-208x300.jpg\" alt=\"1925\" width=\"208\" height=\"300\" srcset=\"https:\/\/cheminpetit.de\/wordpress\/wp-content\/uploads\/2016\/08\/k_01_11-208x300.jpg 208w, https:\/\/cheminpetit.de\/wordpress\/wp-content\/uploads\/2016\/08\/k_01_11.jpg 282w\" sizes=\"(max-width: 208px) 100vw, 208px\" \/><figcaption id=\"caption-attachment-594\" class=\"wp-caption-text\">Urauff\u00fchrung des Streichquartetts e-Moll mit dem Bentz-Quartett, 1925<\/figcaption><\/figure>\n<p><strong>1939<br \/>\n&#8222;Der Mond ist aufgegangen&#8220;<br \/>\nVariationen f\u00fcr Streichquartett<br \/>\nSpieldauer: 5 Minuten <\/strong><br \/>\nMs-Partitur, Ms-Stimmen<br \/>\nMaterial Akademie der K\u00fcnste Berlin<br \/>\nUA: Daten nicht bekannt<\/p>\n<p><strong>1940<br \/>\nSarabande<br \/>\nf\u00fcr Blockfl\u00f6te (f&#8216;), Geige oder Viola und Violoncello \u2028oder Laute <\/strong><br \/>\nSpieldauer: 3 Minuten<br \/>\nVerlag: A. K\u00f6ster, Berlin 1940 (jetzt R. Lienau, Frankfurt a.M.)<br \/>\n*Partitur in &#8222;Alte und neue Musik zum Singen und Spielen \u2028auf Blockfl\u00f6ten, Geigen und \u2028Lauteninstrumenten, 1. Spielbuch&#8220;<br \/>\nUA: Daten nicht bekannt<\/p>\n<p><strong>1943<br \/>\nTrio im alten Stil<br \/>\nf\u00fcr Oboe, Klarinette und Fagott <\/strong><br \/>\nSpieldauer: 16 Minuten<br \/>\nVerlag: R. Lienau, Berlin 1944<br \/>\n*Partitur, *Stimmen<br \/>\nUA: 17. November 1943 Berlin, Singakademie; Wilhelm Meyer, Paul Bl\u00f6cher, Johannes Zuther<br \/>\nRundfunk: Bayerischer Rundfunk M\u00fcnchen Aufnah\u00adme am 30.5.1972; Otto Winter, Wolfgang Teschner, Klaus Schlie\u00dfer. &#8211; SFB Aufnahme am 12.3.1975; G\u00fcnther Passin, Hans Hartmann, Hans Lemke<\/p>\n<p><strong>1948<br \/>\nKleine Suite im alten Stil<br \/>\nf\u00fcr 2 Blockfl\u00f6ten (c&#8220; und f&#8216;) und Violoncello<br \/>\n(s. Bearbeitung Jeannette Cramer Chemin-Petit f\u00fcr 3 Blockfl\u00f6ten oder<br \/>\n2 Violinen und Violoncello , 1983) <\/strong><br \/>\nSpieldauer: 12 Minuten<br \/>\nMs-Partitur, Akademie der K\u00fcnste Berlin<br \/>\nMaterial nicht vorhanden, Auff\u00fchrungen aus der Partitur<br \/>\n*Schallplatte: IN MEMORIAM Hans Chemin-Petit &#8211; Jeannette Chemin-Petit, musicaphon, Kassel<br \/>\nUA: Landessender Potsdam Aufnahme 1948 f\u00fcr Ursendung; Andrea, Jeannette und Lena Chemin-Petit<\/p>\n<p><strong>1948<br \/>\nQuintett<br \/>\nf\u00fcr Fl\u00f6te, Oboe, Klarinette , Horn und Fagott <\/strong><br \/>\nSpieldauer: 16 Minuten<br \/>\nVerlag: R. Lienau, Berlin 1949<br \/>\n*Partitur, *Stimmen<br \/>\n*Schallplatte: IN MEMORIAM Hans Chemin-Petit &#8211; Jeannette Chemin-Petit, musicaphon, Kassel<br \/>\nUA: 29. April 1948 Potsdam, Nikolaisaal ; Solobl\u00e4ser der Staatsoper Berlin (nicht einzeln genannt)<br \/>\nRundfunk: Radio DRS-Studio Z\u00fcrich Aufnahme am 28.6.1956; Andr\u00e9 Jaunet, Marcel Saillet, Rolf Kubli, Werner Speth, Rudolf Leuzinger. &#8211; RIAS Berlin Aufnahme 1954; Werner Berndsen, Hermann T\u00f6ttcher, Heinrich Geuser, Kurt Blank, Johannes Zuther. &#8211; SFB Aufnahme am 29.6.1965 ; Z\u00fcrcher-Radio-Quintett: Georges Gu\u00e9neux, Andr\u00e9 Lardrot, Hansj\u00fcrg Leuthold, Roger Chevalier, Manfred Sax<\/p>\n<!--[if lt IE 9]><script>document.createElement('audio');<\/script><![endif]-->\n<audio class=\"wp-audio-shortcode\" id=\"audio-21-1\" preload=\"none\" style=\"width: 100%;\" controls=\"controls\"><source type=\"audio\/mpeg\" src=\"http:\/\/cheminpetit.de\/wordpress\/wp-content\/uploads\/2016\/08\/15.mp3?_=1\" \/><a href=\"http:\/\/cheminpetit.de\/wordpress\/wp-content\/uploads\/2016\/08\/15.mp3\">http:\/\/cheminpetit.de\/wordpress\/wp-content\/uploads\/2016\/08\/15.mp3<\/a><\/audio>\n<p>H\u00f6rbeispiel: &#8222;Aus Quintett (Finale)&#8220;<\/p>\n<p><strong>1951<br \/>\nLento<br \/>\nin modo di Passacaglia<br \/>\nf\u00fcr Violoncello und Orgel <\/strong><br \/>\nSpieldauer: 3 Minuten<br \/>\nMs-Partitur, Ms-Stimme, Akademie der K\u00fcnste Berlin<br \/>\nUA: August 1951 Wustrow, Dorfkirche; Lena Chemin-Petit, \u2028Inge Lettow<\/p>\n<p><strong>1952<br \/>\nAria antica<br \/>\nf\u00fcr Violoncello und Orgel <\/strong><br \/>\nSpieldauer: 4 Minuten<br \/>\nMs-Partitur, Ms-Stimme, Akademie der K\u00fcnste Berlin<br \/>\nUA: August 1952 Wustrow, Dorfkirche; Lena Chemin-Petit, \u2028Inge Lettow<\/p>\n<p>1964<br \/>\nSonata in d<br \/>\nf\u00fcr Blockfl\u00f6te (f&#8216;) und Orgel<br \/>\nSpieldauer: 12 Minuten<br \/>\nVerlag: Merseburger, Kassel 2010<br \/>\n*Partitur, *Stimme<br \/>\n*Schallplatte: IN MEMORIAM Hans Chemin-Petit &#8211; Jeannette Chemin-Petit, musicaphon, Kassel<br \/>\nUA: 10. April 1965 Berlin, Kirche zum Heilsbronnen; Jeannette Chemin-Petit, Ulrich Bremsteller<br \/>\nRundfunk: Radio Bremen Aufnahme am 13.3.1967; Jeannette Chemin-Petit, Peter Schwarz<\/p>\n<p><strong>1971<br \/>\nCapriccio<br \/>\nf\u00fcr 2 Trompeten und 2 Posaunen <\/strong><br \/>\nSpieldauer: 11 Minuten<br \/>\nKopisten-Ms-Partitur, Kopisten-Stimmen<br \/>\nMaterial Akademie der K\u00fcnste Berlin<br \/>\nUA: 15. Mai 1994 Berlin, anl\u00e4sslich der Er\u00f6ffnung der Ausstellung f\u00fcr Hans Chemin-Petit in der Akademie der K\u00fcnste; Jens-Uwe Sch\u00f6nbrunn, Peter Roth, Helmut Polster, Burkhardt Neumann<\/p>\n<p><strong>1977<br \/>\nSonata<br \/>\nf\u00fcr 6 Bl\u00e4ser <\/strong><br \/>\nSpieldauer: ca. 10 Minuten<br \/>\nMs-Partitur, Ms-Stimmen<br \/>\nMaterial Akademie der K\u00fcnste Berlin<br \/>\n<em>Besetzung: 2 Kl., 2 Hrn., 2 Fg.<\/em><br \/>\nNoch nicht aufgef\u00fchrt<\/p>\n<p><strong>1977<br \/>\nCapriccio (Improvisation)<br \/>\nf\u00fcr Ba\u00dfklarinette und Schlagzeug<br \/>\nFragment <\/strong><br \/>\nSpieldauer: ca. 4 Minuten<br \/>\nMs-Partitur, Akademie der K\u00fcnste Berlin<br \/>\nUA: 15. Mai 1994 Berlin, anl\u00e4sslich der Er\u00f6ffnung der Ausstellung f\u00fcr Hans Chemin-Petit in der Akademie der K\u00fcnste; Rainer Liebeskind, Horst Diesterhaupt<\/p>\n<p><!--\/raw--><\/p>\n","protected":false},"excerpt":{"rendered":"<p>1922 Widmungen Streichquartett Spieldauer: 8 Minuten Ms-Stimmen, Partitur nicht mehr vorhanden Material Akademie der K\u00fcnste Berlin UA: 1923 Berlin (n\u00e4here Angaben nicht bekannt) 1925 Streichquartett e-Moll Spieldauer: 20 Minuten Verlag: Merseburger, Kassel 2015 *Partitur, *Stimmen UA: 6. November 1925 G\u00f6ttingen, Studentenheim \u2028Wilhelmplatz; Bentz-Quartett: Beatrice Bentz, \u2028Hilde Schirmer, Elisabeth Enthoven, Lena von Hippel 1926 Streichquartett g-Moll [&hellip;]<\/p>\n","protected":false},"author":2,"featured_media":0,"parent":35,"menu_order":0,"comment_status":"closed","ping_status":"closed","template":"templates\/page-ribbon.php","meta":{"ngg_post_thumbnail":0},"_links":{"self":[{"href":"https:\/\/cheminpetit.de\/wordpress\/wp-json\/wp\/v2\/pages\/21"}],"collection":[{"href":"https:\/\/cheminpetit.de\/wordpress\/wp-json\/wp\/v2\/pages"}],"about":[{"href":"https:\/\/cheminpetit.de\/wordpress\/wp-json\/wp\/v2\/types\/page"}],"author":[{"embeddable":true,"href":"https:\/\/cheminpetit.de\/wordpress\/wp-json\/wp\/v2\/users\/2"}],"replies":[{"embeddable":true,"href":"https:\/\/cheminpetit.de\/wordpress\/wp-json\/wp\/v2\/comments?post=21"}],"version-history":[{"count":0,"href":"https:\/\/cheminpetit.de\/wordpress\/wp-json\/wp\/v2\/pages\/21\/revisions"}],"up":[{"embeddable":true,"href":"https:\/\/cheminpetit.de\/wordpress\/wp-json\/wp\/v2\/pages\/35"}],"wp:attachment":[{"href":"https:\/\/cheminpetit.de\/wordpress\/wp-json\/wp\/v2\/media?parent=21"}],"curies":[{"name":"wp","href":"https:\/\/api.w.org\/{rel}","templated":true}]}}